{"id":17,"date":"2018-05-21T16:25:12","date_gmt":"2018-05-21T16:25:12","guid":{"rendered":"http:\/\/eltallerdelpa.com\/?page_id=17"},"modified":"2021-10-05T07:51:32","modified_gmt":"2021-10-05T07:51:32","slug":"la-panaderia","status":"publish","type":"page","link":"https:\/\/eltallerdelpa.com\/?page_id=17","title":{"rendered":"LA PANADERIA"},"content":{"rendered":"<div id=\"pl-17\"  class=\"panel-layout\" ><div id=\"pg-17-0\"  class=\"panel-grid panel-no-style\" ><div id=\"pgc-17-0-0\"  class=\"panel-grid-cell\" ><div id=\"panel-17-0-0-0\" class=\"so-panel widget widget_sow-editor panel-first-child panel-last-child\" data-index=\"0\" ><div\n\t\t\t\n\t\t\tclass=\"so-widget-sow-editor so-widget-sow-editor-base\"\n\t\t\t\n\t\t>\n<div class=\"siteorigin-widget-tinymce textwidget\">\n\t<p>El Taller del Pa (Sants)<br \/>\nC\/Galileu, 133 - Barcelona<br \/>\nMetros: Pla\u00e7a del Centre y Pla\u00e7a de Sants<br \/>\nTel\u00e9fono: 934 90 34 03<br \/>\nHorario:<br \/>\nLunes-Viernes: de 7:30 a 20:30<br \/>\nS\u00e1bados: de 7:30 a 15:30<br \/>\nDomingos y festivos cerrados (excepto 6 de enero)<\/p>\n<\/div>\n<\/div><\/div><\/div><div id=\"pgc-17-0-1\"  class=\"panel-grid-cell\" ><div id=\"panel-17-0-1-0\" class=\"so-panel widget widget_sow-image panel-first-child panel-last-child\" data-index=\"1\" ><div\n\t\t\t\n\t\t\tclass=\"so-widget-sow-image so-widget-sow-image-default-8b5b6f678277-17\"\n\t\t\t\n\t\t>\n\n<div class=\"sow-image-container\">\n\t\t<img loading=\"lazy\" decoding=\"async\" src=\"https:\/\/eltallerdelpa.com\/wp-content\/uploads\/2018\/05\/Tienda-14-300x200.jpg\" width=\"300\" height=\"200\" srcset=\"https:\/\/eltallerdelpa.com\/wp-content\/uploads\/2018\/05\/Tienda-14-300x200.jpg 300w, https:\/\/eltallerdelpa.com\/wp-content\/uploads\/2018\/05\/Tienda-14.jpg 425w\" sizes=\"(max-width: 300px) 100vw, 300px\" alt=\"\" \t\tclass=\"so-widget-image\"\/>\n\t<\/div>\n\n<\/div><\/div><\/div><\/div><div id=\"pg-17-1\"  class=\"panel-grid panel-no-style\" ><div id=\"pgc-17-1-0\"  class=\"panel-grid-cell\" ><div id=\"panel-17-1-0-0\" class=\"so-panel widget widget_sow-editor panel-first-child panel-last-child\" data-index=\"2\" ><div\n\t\t\t\n\t\t\tclass=\"so-widget-sow-editor so-widget-sow-editor-base\"\n\t\t\t\n\t\t>\n<div class=\"siteorigin-widget-tinymce textwidget\">\n\t<p>Nuestros panes tambi\u00e9n se pueden comprar en:<br \/>\nMolsa Bio Sants<br \/>\nC\/Sant Jordi, 7 - Barcelona<br \/>\nTel\u00e9fono: 933 80 89 99<br \/>\nMetro: Pla\u00e7a de Sants<\/p>\n<\/div>\n<\/div><\/div><\/div><div id=\"pgc-17-1-1\"  class=\"panel-grid-cell\" ><div id=\"panel-17-1-1-0\" class=\"so-panel widget widget_sow-image panel-first-child panel-last-child\" data-index=\"3\" ><div\n\t\t\t\n\t\t\tclass=\"so-widget-sow-image so-widget-sow-image-default-8b5b6f678277-17\"\n\t\t\t\n\t\t>\n\n<div class=\"sow-image-container\">\n\t\t<img loading=\"lazy\" decoding=\"async\" src=\"https:\/\/eltallerdelpa.com\/wp-content\/uploads\/2018\/05\/molsa-activitats-tallers-tienda.jpg\" width=\"300\" height=\"300\" srcset=\"https:\/\/eltallerdelpa.com\/wp-content\/uploads\/2018\/05\/molsa-activitats-tallers-tienda.jpg 300w, https:\/\/eltallerdelpa.com\/wp-content\/uploads\/2018\/05\/molsa-activitats-tallers-tienda-150x150.jpg 150w, https:\/\/eltallerdelpa.com\/wp-content\/uploads\/2018\/05\/molsa-activitats-tallers-tienda-60x60.jpg 60w, https:\/\/eltallerdelpa.com\/wp-content\/uploads\/2018\/05\/molsa-activitats-tallers-tienda-235x235.jpg 235w, https:\/\/eltallerdelpa.com\/wp-content\/uploads\/2018\/05\/molsa-activitats-tallers-tienda-255x255.jpg 255w\" sizes=\"(max-width: 300px) 100vw, 300px\" alt=\"\" \t\tclass=\"so-widget-image\"\/>\n\t<\/div>\n\n<\/div><\/div><\/div><\/div><div id=\"pg-17-2\"  class=\"panel-grid panel-no-style\" ><div id=\"pgc-17-2-0\"  class=\"panel-grid-cell\" ><div id=\"panel-17-2-0-0\" class=\"so-panel widget widget_sow-editor panel-first-child panel-last-child\" data-index=\"4\" ><div\n\t\t\t\n\t\t\tclass=\"so-widget-sow-editor so-widget-sow-editor-base\"\n\t\t\t\n\t\t>\n<div class=\"siteorigin-widget-tinymce textwidget\">\n\t<p>Panader\u00eda Pa i coca<br \/>\nC\/Ferran Puig, 6 - El Prat de Llobregat<br \/>\nTel\u00e9fono: 933 70 59 06<br \/>\nMetro: El Prat Estaci\u00f3<\/p>\n<\/div>\n<\/div><\/div><\/div><div id=\"pgc-17-2-1\"  class=\"panel-grid-cell\" ><div id=\"panel-17-2-1-0\" class=\"so-panel widget widget_sow-image panel-first-child panel-last-child\" data-index=\"5\" ><div\n\t\t\t\n\t\t\tclass=\"so-widget-sow-image so-widget-sow-image-default-8b5b6f678277-17\"\n\t\t\t\n\t\t>\n\n<div class=\"sow-image-container\">\n\t\t<img loading=\"lazy\" decoding=\"async\" src=\"https:\/\/eltallerdelpa.com\/wp-content\/uploads\/2018\/05\/descarga-1.jpg\" width=\"259\" height=\"194\" sizes=\"(max-width: 259px) 100vw, 259px\" title=\"descarga (1)\" alt=\"\" \t\tclass=\"so-widget-image\"\/>\n\t<\/div>\n\n<\/div><\/div><\/div><\/div><div id=\"pg-17-3\"  class=\"panel-grid panel-no-style\" ><div id=\"pgc-17-3-0\"  class=\"panel-grid-cell\" ><div id=\"panel-17-3-0-0\" class=\"so-panel widget widget_sow-editor panel-first-child panel-last-child\" data-index=\"6\" ><div\n\t\t\t\n\t\t\tclass=\"so-widget-sow-editor so-widget-sow-editor-base\"\n\t\t\t\n\t\t>\n<div class=\"siteorigin-widget-tinymce textwidget\">\n\t<p>Y degustar en:<\/p>\n<p>Restaurante Sants es crema<br \/>\nC\/Comtes de Bell-Lloc, 118 \u2013 Barcelona<br \/>\nTel\u00e9fono: 932 22 96 44<br \/>\nMetro: Pla\u00e7a del Centre<\/p>\n<\/div>\n<\/div><\/div><\/div><div id=\"pgc-17-3-1\"  class=\"panel-grid-cell\" ><div id=\"panel-17-3-1-0\" class=\"so-panel widget widget_sow-image panel-first-child panel-last-child\" data-index=\"7\" ><div\n\t\t\t\n\t\t\tclass=\"so-widget-sow-image so-widget-sow-image-default-8b5b6f678277-17\"\n\t\t\t\n\t\t>\n\n<div class=\"sow-image-container\">\n\t\t<img loading=\"lazy\" decoding=\"async\" src=\"https:\/\/eltallerdelpa.com\/wp-content\/uploads\/2018\/05\/DM69Ub6X0AA-Sgb-300x225.jpg\" width=\"300\" height=\"225\" srcset=\"https:\/\/eltallerdelpa.com\/wp-content\/uploads\/2018\/05\/DM69Ub6X0AA-Sgb-300x225.jpg 300w, https:\/\/eltallerdelpa.com\/wp-content\/uploads\/2018\/05\/DM69Ub6X0AA-Sgb-768x576.jpg 768w, https:\/\/eltallerdelpa.com\/wp-content\/uploads\/2018\/05\/DM69Ub6X0AA-Sgb-1024x768.jpg 1024w, https:\/\/eltallerdelpa.com\/wp-content\/uploads\/2018\/05\/DM69Ub6X0AA-Sgb.jpg 1200w\" sizes=\"(max-width: 300px) 100vw, 300px\" alt=\"\" \t\tclass=\"so-widget-image\"\/>\n\t<\/div>\n\n<\/div><\/div><\/div><\/div><div id=\"pg-17-4\"  class=\"panel-grid panel-no-style\" ><div id=\"pgc-17-4-0\"  class=\"panel-grid-cell\" ><div id=\"panel-17-4-0-0\" class=\"so-panel widget widget_sow-editor panel-first-child panel-last-child\" data-index=\"8\" ><div\n\t\t\t\n\t\t\tclass=\"so-widget-sow-editor so-widget-sow-editor-base\"\n\t\t\t\n\t\t>\n<div class=\"siteorigin-widget-tinymce textwidget\">\n\t<p>Restaurante L\u2019home dels nassos<br \/>\nC\/Melcior de Palau, 62 \u2013 Barcelona<br \/>\nTel\u00e9fono: 633 19 76 67<br \/>\nMetro: Pla\u00e7a de Sants y Pla\u00e7a del Centre<\/p>\n<\/div>\n<\/div><\/div><\/div><div id=\"pgc-17-4-1\"  class=\"panel-grid-cell\" ><div id=\"panel-17-4-1-0\" class=\"so-panel widget widget_sow-image panel-first-child panel-last-child\" data-index=\"9\" ><div\n\t\t\t\n\t\t\tclass=\"so-widget-sow-image so-widget-sow-image-default-8b5b6f678277-17\"\n\t\t\t\n\t\t>\n\n<div class=\"sow-image-container\">\n\t\t<img loading=\"lazy\" decoding=\"async\" src=\"https:\/\/eltallerdelpa.com\/wp-content\/uploads\/2018\/05\/LHome-dels-Nassos-sala-256x300.jpg\" width=\"256\" height=\"300\" srcset=\"https:\/\/eltallerdelpa.com\/wp-content\/uploads\/2018\/05\/LHome-dels-Nassos-sala-256x300.jpg 256w, https:\/\/eltallerdelpa.com\/wp-content\/uploads\/2018\/05\/LHome-dels-Nassos-sala.jpg 540w\" sizes=\"(max-width: 256px) 100vw, 256px\" title=\"L&#8217;Home dels Nassos sala\" alt=\"\" \t\tclass=\"so-widget-image\"\/>\n\t<\/div>\n\n<\/div><\/div><\/div><\/div><div id=\"pg-17-5\"  class=\"panel-grid panel-no-style\" ><div id=\"pgc-17-5-0\"  class=\"panel-grid-cell\" ><div id=\"panel-17-5-0-0\" class=\"so-panel widget widget_sow-editor panel-first-child panel-last-child\" data-index=\"10\" ><div\n\t\t\t\n\t\t\tclass=\"so-widget-sow-editor so-widget-sow-editor-base\"\n\t\t\t\n\t\t>\n<div class=\"siteorigin-widget-tinymce textwidget\">\n\t<p>El Celler del Nou Priorat<br \/>\nC\/Vallespir, 19 \u2013 Barcelona<br \/>\nTel\u00e9fono: 934 90 59 52<br \/>\nMetro: Sants Estaci\u00f3<\/p>\n<\/div>\n<\/div><\/div><\/div><div id=\"pgc-17-5-1\"  class=\"panel-grid-cell\" ><div id=\"panel-17-5-1-0\" class=\"so-panel widget widget_sow-image panel-first-child panel-last-child\" data-index=\"11\" ><div\n\t\t\t\n\t\t\tclass=\"so-widget-sow-image so-widget-sow-image-default-8b5b6f678277-17\"\n\t\t\t\n\t\t>\n\n<div class=\"sow-image-container\">\n\t\t<img loading=\"lazy\" decoding=\"async\" src=\"https:\/\/eltallerdelpa.com\/wp-content\/uploads\/2018\/05\/image-300x225.jpg\" width=\"300\" height=\"225\" srcset=\"https:\/\/eltallerdelpa.com\/wp-content\/uploads\/2018\/05\/image-300x225.jpg 300w, https:\/\/eltallerdelpa.com\/wp-content\/uploads\/2018\/05\/image.jpg 630w\" sizes=\"(max-width: 300px) 100vw, 300px\" alt=\"\" \t\tclass=\"so-widget-image\"\/>\n\t<\/div>\n\n<\/div><\/div><\/div><\/div><div id=\"pg-17-6\"  class=\"panel-grid panel-no-style\" ><div id=\"pgc-17-6-0\"  class=\"panel-grid-cell\" ><div id=\"panel-17-6-0-0\" class=\"so-panel widget widget_sow-editor panel-first-child panel-last-child\" data-index=\"12\" ><div\n\t\t\t\n\t\t\tclass=\"so-widget-sow-editor so-widget-sow-editor-base\"\n\t\t\t\n\t\t>\n<div class=\"siteorigin-widget-tinymce textwidget\">\n\t<p>Macot - Bar a vins<br \/>\nC\/Violant d'Hongria Reina d'Arag\u00f3, 150 - Barcelona<br \/>\nTel\u00e9fono: 931 18 24 60<br \/>\nMetro: Pla\u00e7a del Centre<\/p>\n<\/div>\n<\/div><\/div><\/div><div id=\"pgc-17-6-1\"  class=\"panel-grid-cell\" ><div id=\"panel-17-6-1-0\" class=\"so-panel widget widget_sow-image panel-first-child panel-last-child\" data-index=\"13\" ><div\n\t\t\t\n\t\t\tclass=\"so-widget-sow-image so-widget-sow-image-default-8b5b6f678277-17\"\n\t\t\t\n\t\t>\n\n<div class=\"sow-image-container\">\n\t\t<img loading=\"lazy\" decoding=\"async\" src=\"https:\/\/eltallerdelpa.com\/wp-content\/uploads\/2018\/05\/31779793_404251306715260_2397000919817388032_n-300x300.jpg\" width=\"300\" height=\"300\" srcset=\"https:\/\/eltallerdelpa.com\/wp-content\/uploads\/2018\/05\/31779793_404251306715260_2397000919817388032_n-300x300.jpg 300w, https:\/\/eltallerdelpa.com\/wp-content\/uploads\/2018\/05\/31779793_404251306715260_2397000919817388032_n-150x150.jpg 150w, https:\/\/eltallerdelpa.com\/wp-content\/uploads\/2018\/05\/31779793_404251306715260_2397000919817388032_n-60x60.jpg 60w, https:\/\/eltallerdelpa.com\/wp-content\/uploads\/2018\/05\/31779793_404251306715260_2397000919817388032_n-235x235.jpg 235w, https:\/\/eltallerdelpa.com\/wp-content\/uploads\/2018\/05\/31779793_404251306715260_2397000919817388032_n-255x255.jpg 255w, https:\/\/eltallerdelpa.com\/wp-content\/uploads\/2018\/05\/31779793_404251306715260_2397000919817388032_n.jpg 480w\" sizes=\"(max-width: 300px) 100vw, 300px\" alt=\"\" \t\tclass=\"so-widget-image\"\/>\n\t<\/div>\n\n<\/div><\/div><\/div><\/div><\/div>","protected":false},"excerpt":{"rendered":"<p>El Taller del Pa (Sants) C\/Galileu, 133 &#8211; Barcelona Metros: Pla\u00e7a del Centre y Pla\u00e7a de Sants Tel\u00e9fono: 934 90 34 03 Horario: Lunes-Viernes: de 7:30 a 20:30 S\u00e1bados: de 7:30 a 15:30 Domingos y festivos cerrados (excepto 6 de enero) Nuestros panes tambi\u00e9n se pueden comprar en: Molsa Bio &hellip; <\/p>\n","protected":false},"author":1,"featured_media":0,"parent":0,"menu_order":0,"comment_status":"closed","ping_status":"closed","template":"","meta":{"footnotes":""},"class_list":["post-17","page","type-page","status-publish","hentry"],"_links":{"self":[{"href":"https:\/\/eltallerdelpa.com\/index.php?rest_route=\/wp\/v2\/pages\/17"}],"collection":[{"href":"https:\/\/eltallerdelpa.com\/index.php?rest_route=\/wp\/v2\/pages"}],"about":[{"href":"https:\/\/eltallerdelpa.com\/index.php?rest_route=\/wp\/v2\/types\/page"}],"author":[{"embeddable":true,"href":"https:\/\/eltallerdelpa.com\/index.php?rest_route=\/wp\/v2\/users\/1"}],"replies":[{"embeddable":true,"href":"https:\/\/eltallerdelpa.com\/index.php?rest_route=%2Fwp%2Fv2%2Fcomments&post=17"}],"version-history":[{"count":21,"href":"https:\/\/eltallerdelpa.com\/index.php?rest_route=\/wp\/v2\/pages\/17\/revisions"}],"predecessor-version":[{"id":586,"href":"https:\/\/eltallerdelpa.com\/index.php?rest_route=\/wp\/v2\/pages\/17\/revisions\/586"}],"wp:attachment":[{"href":"https:\/\/eltallerdelpa.com\/index.php?rest_route=%2Fwp%2Fv2%2Fmedia&parent=17"}],"curies":[{"name":"wp","href":"https:\/\/api.w.org\/{rel}","templated":true}]}}